Let i = x + 4. Let p be 3/5 - (-6)/i. Calculate the highest common divisor of p and 7.
1
Let s be (2/3)/(34/(-1173)). Let y = s + 41. What is the highest common divisor of y and 126?
18
Suppose -37 - 68 = 7*z. Let d = z - -10. Let m(x) = 5*x**2 + 5*x. Let y be m(d). Calculate the highest common factor of 20 and y.
20
Suppose -12*r = -7*r + 565. Let u = r + 185. What is the highest common factor of 8 and u?
8
Suppose -h + 4*g - 5 - 4 = 0, -4*h = -4*g + 36. Let d(i) = -i**3 - 11*i**2 - 25*i - 30. Let m be d(h). Calculate the highest common factor of m and 165.
33
Let s be ((-74)/2 - -2)*-1. Let w be -10 - (-1416)/8 - -8. What is the greatest common factor of w and s?
35
Suppose 0 = -5*l - r + 1648, 29*l = 26*l + r + 992. What is the greatest common divisor of l and 5?
5
Let b(w) = -2*w**2 + w - 5. Let r be b(4). Let d be (-11)/r + (-22)/(-6). What is the highest common factor of d and 1?
1
Let v(n) = 5*n**3 - 13*n**2 - n + 15. Let q be v(6). Calculate the greatest common factor of 23 and q.
23
Suppose 112*z = 110*z + 16. Calculate the greatest common factor of z and 7.
1
Suppose 7*l = 9*l. Suppose -4*h + 45 + 55 = l. Let w be (0 - 3/(-3)) + 49. What is the highest common divisor of h and w?
25
Let n(j) = -j**2 + 14*j - 20. Let b be n(9). Let a = b - 6. Calculate the highest common factor of a and 76.
19
Suppose 0 = 4*i + i - 120. Let h = 528 + -336. Calculate the greatest common factor of i and h.
24
Let z(o) = o**3 + 3*o**2 - 6*o - 5. Let c be z(-4). Let p be (-120)/(-3)*2 + (-9)/c. What is the greatest common factor of p and 7?
7
Suppose 0 = 822*t - 828*t + 912. What is the greatest common divisor of t and 988?
76
Let i be (-9)/4 + (-4)/(-16). Let m be 3 - (i - -13)*-3. Let c = 120 - m. Calculate the highest common factor of 12 and c.
12
Let d(f) = -f + 3. Let s be d(3). Let y = 5 - s. Let i be (-1 - 5)/(y/(-10)). Calculate the greatest common factor of 3 and i.
3
Suppose -2*f + 2*a + 54 = -0*f, 0 = 2*f + 4*a - 24. Suppose -f*v = -26*v + 16. Calculate the highest common divisor of v and 20.
4
Let c = 22 - 17. Suppose 2*s + s + k = 22, 0 = -5*k + c. Let r(f) = -f + 49. Let z be r(0). Calculate the highest common divisor of s and z.
7
Suppose -35 = -z - 4*x + 3, -z + 34 = 2*x. Calculate the greatest common divisor of z and 20.
10
Let k = 192 - 112. Calculate the highest common divisor of 10 and k.
10
Let j(m) = 5 - 2 - 4*m - 1. Let a be j(1). Let o be ((-88)/20)/(a/60). Calculate the highest common factor of 12 and o.
12
Let m be 166 - ((-42)/12 - (-3)/6). Calculate the greatest common divisor of m and 13.
13
Let q be (-15 - -17) + (2 - 2). Let i = -3 + 0. Let x = 9 + i. Calculate the highest common divisor of q and x.
2
Suppose 0 = 6*v - 26 - 100. Let d = -4 + v. What is the highest common divisor of 187 and d?
17
Let p = -62 + 119. Suppose 2*r - 101 = 98 - 123. Calculate the greatest common factor of r and p.
19
Let i = -209 + 353. Calculate the greatest common divisor of 128 and i.
16
Let u be 3/(5 + 88/(-20)). Suppose 19 = z - 3*l - l, -u*z + 120 = 5*l. Calculate the greatest common factor of z and 23.
23
Suppose z = 4*v + 29, z - 3*z - 3*v = -80. Let i = z - 10. Calculate the greatest common factor of 54 and i.
27
Suppose 2*v - 24 = -6*v. Let h(g) = 4*g**2 + 2*g - 6. Let n be h(v). Calculate the greatest common divisor of n and 18.
18
Let l(i) = 46*i + 186. Let c be l(0). What is the highest common factor of c and 651?
93
Let c = 165 - 187. Let w be 1*c/4*2/(-1). Let i(u) = 40*u + 1. Let q be i(3). What is the highest common factor of w and q?
11
Suppose 5*n + 977 = -1183. Let q be n/20*10/(-3). What is the greatest common factor of 12 and q?
12
Let w be 3/(0 + 3/5). Suppose 6*f - 11 = w*f. What is the highest common divisor of f and 22?
11
Let k = 2165 + -1221. Calculate the greatest common divisor of 59 and k.
59
Suppose 3*p - 16 = -1. Suppose 2*q = -q + 6. Suppose q*o - 182 = 2*f, -2*o = -o + p*f - 91. What is the highest common divisor of o and 13?
13
Let d be 1*-2*1*-18. Suppose -2*n - 7 - 7 = 0. Let s = -1 - n. What is the greatest common factor of d and s?
6
Let o be -8*(2 + (-6)/2). Suppose -3*f = 34*t - 38*t + 111, 5*t - 145 = 5*f. Calculate the greatest common factor of t and o.
8
Let n be 45/(-2)*60/75. Let a = n + 20. Let b be (-2254)/(-28) - (-1)/a. Calculate the highest common factor of 9 and b.
9
Let n be 15/(10/(-12)*-1). Let s = 253 + -127. Calculate the greatest common factor of n and s.
18
Let u(w) = -w**2 + 6*w + 6. Let z be u(9). Let v = -9 - z. Calculate the highest common factor of 36 and v.
12
Suppose -4*h - 4*x - 1 = -97, 3*h = -4*x + 74. Let a = -142 - -208. What is the greatest common factor of h and a?
22
Suppose -g = -2*l + 12, -5*l = -3*g - g - 57. Let j = g - -63. Let m be -16*(j/(-12) - 0). What is the greatest common factor of 6 and m?
6
Suppose 345 = 4*v + 5*x, -6*x = 3*v - 9*x - 252. Calculate the greatest common factor of v and 204.
17
Let r(f) = f**2 - 21*f - 436. Let i be r(-13). What is the highest common divisor of i and 366?
6
Let a(w) = -w**3 - 6*w**2 + 112*w + 9. Let n be a(8). Calculate the greatest common factor of 63 and n.
9
Suppose 4*h - 352 = -5*r + 2*r, 5*r + 176 = 2*h. Suppose -3*g + 47 = 4*t, -3*t = -4*t + 3*g + 8. What is the greatest common factor of t and h?
11
Suppose 10 = -41*q + 46*q. What is the greatest common divisor of 5 and q?
1
Let b = -258 + 279. Calculate the greatest common factor of 21 and b.
21
Suppose -461 - 349 = -15*f. What is the highest common divisor of f and 882?
18
Let l be -1068*4/5*(-155)/186. Calculate the highest common divisor of l and 8.
8
Suppose 0*z - 85 = -z. Suppose -2*j + 34 = -2*d - 26, z = 2*j + 3*d. Let r(t) = t**2 + 6*t - 2. Let n be r(-7). What is the highest common divisor of j and n?
5
Let w = 132 + 44. Let c(t) = -3*t**2 - 8*t - 3. Let d be c(-5). Let j = d + 54. What is the greatest common divisor of j and w?
16
Let n be 9 + -5 - (0 - 1). Suppose k = n, 2*f + 134 - 356 = -2*k. Suppose f = 4*t - 10. Calculate the greatest common divisor of 203 and t.
29
Let i be (-3 - 4) + (5 - 2)*12. Calculate the greatest common divisor of i and 145.
29
Let f = 65 - 44. Let z(c) = 16*c - 921. Let a be z(58). What is the highest common divisor of a and f?
7
Let x be -9 - 195/(-21) - (-40312)/28. What is the highest common factor of x and 20?
20
Suppose 3*j + 2*j - 5 = 0. Let y be (-2 - 0) + j*8. Let l be (9/y)/((-3)/(-8)). What is the greatest common factor of l and 10?
2
Suppose y - 7 = -k + 5*y, 5*y = 0. Suppose u - k*u + 270 = 0. What is the greatest common divisor of u and 5?
5
Let o(q) = q**2 - 13*q - 82. Let m be o(-6). Let n(p) = 7*p**2 - p - 4. Let a be n(3). Let j = a - m. Calculate the greatest common factor of j and 4.
4
Let p be (-93)/(-9) + (30/9)/2. Let h = -116 - -200. What is the highest common factor of h and p?
12
Let a be (-40)/6*30/(-4). Let s = -54 - -52. Let f be (1 - (-77)/(-2))*s. Calculate the highest common factor of f and a.
25
Suppose -7 = -2*v + 3. Suppose 4*o = 4*t + 36 - 12, v*o - 30 = -5*t. What is the highest common divisor of o and 66?
6
Suppose 0 = -5*n + 16 + 54. Let m = 8 + n. Calculate the greatest common divisor of 33 and m.
11
Let m(l) = -2*l**3 - 5*l**2 + 2*l + 4. Let q be m(-4). Calculate the greatest common factor of q and 506.
22
Let s be (12/10)/((-6)/(-200)). Suppose 0 = l + 4 - 19. Suppose 0 = -l*a + 18*a - 30. What is the greatest common factor of s and a?
10
Let y(l) be the first derivative of l**4/4 - 8*l**3/3 + 8*l**2 + 14*l - 18. Let f be y(6). What is the highest common divisor of f and 19?
19
Let j = 1612 + -1097. What is the highest common factor of j and 824?
103
Let i(y) = y**2 + 2*y + 4. Let k be i(-6). Suppose -4*w - 400 = -5*g, 11*g - 361 = 7*g - 5*w. Calculate the greatest common factor of g and k.
28
Suppose -4*c + 352 = -0*c. Suppose -5*i + 3*h = -88, -5*h - 8 = 3*i - c. Let t be -2*(-3 + 6) - 644/(-14). What is the greatest common divisor of i and t?
20
Suppose 3*l = n - 3, 0 = 4*n - n + 5*l + 61. Let d be ((-78)/n)/(1/4). Let z = -80 + 262. What is the greatest common factor of z and d?
26
Suppose -4*c + c - 6 = 0. Let j(f) = 18*f**2 - f + 2. Let h be j(c). Let k be (1/4)/(1/h). What is the highest common divisor of k and 38?
19
Let h(a) = -15499*a + 46507. Let l be h(3). Suppose 0 = 3*k + 2*p